e t(g).
-2
Let t(m) = -m + 4. Let z be 3 + (-3 - (-10)/5). Suppose -2 - 2 = 2*j + 2*s, 0 = -z*j - 3*s. What is t(j)?
10
Suppose -16*i = -13*i - 9. Suppose -i*s + 4*u = -2*s - 4, 1 = -u. Let z(t) = t**3 + t + 6. Determine z(s).
6
Let t(h) = 2 + 3 - 1 + h**2. Let k(u) = u**2 + 2*u. Let x(g) = -g**2 - 5*g + 3. Let f(w) = -2*k(w) - x(w). Let o(r) = 4*f(r) + 3*t(r). Determine o(2).
4
Let o(l) be the second derivative of -2*l**2 + 5/6*l**3 - 6*l + 0. Calculate o(3).
11
Let a(h) be the third derivative of h**4/8 - 5*h**3/6 + h**2. Let d = -16583 - -16587. Give a(d).
7
Let j(n) be the second derivative of 0 + 5/6*n**3 - 1/12*n**4 + n**2 + 4*n. What is j(4)?
6
Suppose 10*u = 5*u + 55. Suppose 0 = r - p - u, 5*r - 32 = 2*p + 17. Let a(z) = -z + 2 + 9*z - r*z + 3*z. Determine a(-3).
-4
Let t(b) = 59*b - 59*b - 7*b**2 + 1. Give t(1).
-6
Let i(t) = t**3 + 6*t**2 + 4*t + 6. Suppose -8*u + 16 = -12*u. Give i(u).
22
Let d be (3/(-2))/((-2)/(-4)). Let w(r) = -r + 2. Let a(f) = 2*f - 16. Let b(l) = a(l) + 8*w(l). What is b(d)?
18
Let i(k) = -3*k**2 + 2. Let n(v) = 5*v**2 - v - 3. Let q(a) = -7*i(a) - 4*n(a). Let p(w) = w**3 + 2*w**2 + 4*w + 3. Let g be p(-2). Give q(g).
3
Let a(c) be the first derivative of c**4/4 - c**3/3 - 2*c**2 + 5*c + 370. Calculate a(4).
37
Let v(u) be the second derivative of -5*u**4/24 + 3*u**2/2 + 4*u. Let p(k) be the first derivative of v(k). Give p(4).
-20
Let y = -43 + 73. Suppose -y = -4*p - 26. Let g be 4/(-1) + p + 4. Let h(q) = -17*q**3 + q**2 - q. What is h(g)?
-17
Let q(g) = g**2 + 3*g - 4. Let r be 2/9 - 128/(-72). Suppose 0 = -5*h - 4*p + 14, -3*h - 3 = -r*p - 7. Let j be 2*(3 - 11/h). What is q(j)?
6
Let j(s) = 6*s + 3*s + 5 - 10*s + 1. Determine j(8).
-2
Let f(t) = -75 + 2*t - 3*t + 74. Calculate f(7).
-8
Let n(m) = -104*m + 193*m - 93*m - 3. Determine n(-3).
9
Let z be ((-4)/3)/(2/(-3)). Let i(v) = -3 + 0*v - z*v + 3*v. Let r = 43 - 43. Calculate i(r).
-3
Let i = 1 - 1. Let v be (1 - i) + 3*-2. Let s(f) be the first derivative of -f**4/4 - 4*f**3/3 + 3*f**2/2 - 4*f + 30. Give s(v).
6
Suppose 26 = i + 5*d, 2 = 4*d - 14. Let z(s) = i*s**2 + 10*s + 9 + 5*s**2 + s + 6*s. Let n(t) = 7*t**2 + 11*t + 6. Let p(k) = -8*n(k) + 5*z(k). Determine p(-4).
-7
Let z(r) = r**2 + 8*r + 10. Let x(t) = -7*t - t**2 - 9 - 3*t**2 - t + 3*t**2. Let h(d) = 5*x(d) + 4*z(d). Give h(-6).
7
Let p(n) = 2*n - 6. Let z be (-18)/14*(-182)/39. What is p(z)?
6
Suppose -3*o + 5*o = 20. Let p(c) = -7 + 7*c**2 + 3*c**3 - 2*c**3 - 17*c**2 + 0. Calculate p(o).
-7
Let i be 2/(-17) + (-108)/(-51). Suppose 5*m + i = -18. Let k(h) = h**3 + 3*h**2 - 4*h - 1. Determine k(m).
-1
Let n(m) be the first derivative of 1/3*m**3 + 7/2*m**2 + 5*m + 6. Let x be n(-6). Let z(r) = 2*r + 1. Determine z(x).
-1
Let f be 3/21 - 56/49. Let q be -7 - (f + 4) - -4. Let x(b) = -b**2 - 3*b - 1. Give x(q).
-19
Let d(a) = -6*a**3 + 10*a**2 - 3*a + 9. Let b(w) = w**3 - 2*w**2 + w - 1. Let y(g) = 5*b(g) + d(g). What is y(-3)?
25
Let q(a) be the first derivative of 3/2*a**2 + 1 + 1/3*a**3 + 3*a. Suppose 0 = -3*d - 9. Give q(d).
3
Suppose -5*j + 27 = c, -5*c + 0*j = 2*j - 20. Let g(d) = 6*d - 2*d**2 - 2*d**c + 1 + 2*d**2 + d**2. What is g(6)?
1
Let t(j) = -20*j + 5. Let z(b) = -b**3 - 9*b**2 - 22*b - 10. Let g be z(-3). Calculate t(g).
-35
Let g(d) = 7*d + 152. Let i be g(-21). Let s(l) = -l**3 + 4*l**2 + 2*l - 7. Calculate s(i).
-22
Suppose 1 = -4*s + 5. Let r(w) = -5*w**3 + w**2 - 2*w + 1. Give r(s).
-5
Let n(o) be the second derivative of 7/12*o**4 - o**3 + 3*o + 0*o**2 + 0 - 1/20*o**5. Suppose -18 = -m - 0*q - 3*q, -m + 5*q - 14 = 0. What is n(m)?
0
Let l be (-48)/(-22) + (-38)/209. Let f(t) = -6*t + 5*t - 2*t**3 - 2*t**l + t**3. What is f(-3)?
12
Let r be (-24)/16*1*2. Let j(o) = o**3 + o**2 - 2*o + 4. Give j(r).
-8
Suppose 48 = -2*w - 0*w. Let g = w + 24. Let r be (28/8 - 4)*g. Let n(z) = -z + 1. Give n(r).
1
Let o(f) = -7*f**3 + 13*f**2 + 12*f - 4. Let l(k) = -4*k**3 + 6*k**2 + 7*k - 2. Let c(a) = -5*l(a) + 3*o(a). Determine c(9).
7
Suppose 2 = -h + 5*z + 39, -3*h + z = -181. Let u = 61 - h. Let l(x) = 8*x. Give l(u).
-8
Let k(r) = 7*r - 5. Let l(m) = -3*m + 2. Let s = -18 - -16. Let t(h) = s*k(h) - 5*l(h). Let b be (10/4)/(-5)*0. Calculate t(b).
0
Let s(v) = -4*v - 1. Suppose 1 = -4*r + 3*i - 14, 0 = 3*r + 5*i - 25. Let u be 3 - 2/4*r. Suppose 0*m = -3*a - u*m + 15, 4*a - 12 = -2*m. Give s(a).
-5
Let v(i) = 2*i**2 - 11*i - 90. Let l be v(10). Let r(w) = w**3 - w**2 + 2*w + 56. What is r(l)?
56
Let i(w) = 10*w**2 + 13*w - 3. Let v(b) = -7*b + 2 - 7*b**2 - 7*b - 10*b + 15*b. Let n(h) = -5*i(h) - 7*v(h). Determine n(2).
-7
Let b be 23/(-6)*4*-3. Let t = 47 - b. Let s(k) be the third derivative of 2*k**5/15 - k**4/24 + k**2. Calculate s(t).
7
Let a(d) = 10*d - 12. Let b be a(4). Let l(y) = -29 + b - 2*y + y. Give l(0).
-1
Let d(v) be the third derivative of v**8/2240 + v**6/720 + v**5/60 - 15*v**2. Let l(t) be the third derivative of d(t). Determine l(-1).
10
Let v(m) = -m**2. Let p(c) = -c**2 + c. Let u(j) = j**2 + j. Let t be u(2). Let a(q) = t*p(q) - 7*v(q). Calculate a(-6).
0
Let n(r) = -r. Let u = 1 - 1. Suppose -4*g - 12 = u, -p - 3*g - 8 = -2. Suppose 4*c + c = 0, -5*j + 10 = p*c. What is n(j)?
-2
Let c(j) = -3*j**2 - 2*j - 2. Let p = -22 + 21. Give c(p).
-3
Let z be (-8)/60 - 501/(-45). Let w(q) = -z - 4 + q + 16. Determine w(6).
7
Let f(q) be the first derivative of q**4/12 - q**3/6 - q**2/2 + 7*q + 10. Let s(w) be the first derivative of f(w). Determine s(-1).
1
Let w(o) = 7*o - 3 - 63*o**2 + 70*o**2 + o**3 - o - o. Give w(-6).
3
Let a(h) = -h**2 - 7*h + 3. Let j be a(-4). Let g(i) = i**2 + i. Let q be g(0). Suppose q = 2*d + d + j. Let x(c) = -c + 1. Give x(d).
6
Let x(l) be the third derivative of 5*l**4/24 - 5*l**3/6 - 3*l**2 + 7. Give x(4).
15
Suppose -4*r - 3*f = -12, -5*r = -6*f + 3*f + 12. Suppose 1 = -r*k - k + 3*a, -5*a - 5 = 0. Let u(j) = -j**3 - 6*j**2 - 3*j + 4. What is u(k)?
-16
Let n(j) = -j. Let u(o) = 3. Let c(a) = -n(a) + 6*u(a). Determine c(-16).
2
Let g(d) be the third derivative of -d**6/120 + 7*d**5/60 - d**4/4 - 5*d**3/6 + 30*d**2. What is g(6)?
-5
Let q(l) = l**3 - l**2 - 3*l + 9. Let f = -1626 - -1626. Give q(f).
9
Let f(l) = 3*l - 6. Let z be ((-18)/(-3 + 0))/(-1 - 0). Calculate f(z).
-24
Let x(g) = 4 + g - 20 + 3 + 4. Determine x(13).
4
Let b(k) be the first derivative of k**2/2 + 2*k - 369. Give b(8).
10
Let h(v) = v + 2. Suppose -1 = -3*y - 5*f, -3*y = -2*f + 1 - 9. Suppose 0 = y*a + 2*a - 20. Suppose 2*w + 0*z + 7 = -z, a*w + z = -16. What is h(w)?
-1
Let l(a) = -a**3 + 11*a**2 + 2*a - 23. Let b be (-78)/182*(-77)/3. Determine l(b).
-1
Let z(o) = -o**2 + 11. Suppose -40 = 4*m + m. Let w be (-2)/m + (-12)/48. Determine z(w).
11
Let s(c) = c**2 + 11*c - 12. Let j be 169/(-13) + 26 - 28. Calculate s(j).
48
Suppose -10 = -5*l, -l - 17 = 4*r - 43. Let c(t) be the first derivative of 7/2*t**2 + 2*t + 14 - 1/3*t**3. Determine c(r).
8
Let n(y) = 5*y + 3. Let r(q) = -2*q - 48. Let v be r(-24). Suppose -4*l - 14 + 6 = v. Give n(l).
-7
Let n(l) = -l**2 - 10 + 8 + 4 + 1. Suppose 2*d - 3 = i + 5*d, -4*i = -3*d - 18. Calculate n(i).
-6
Let s(m) = -5*m - 63. Let f = -956 - -942. Calculate s(f).
7
Let s(w) = -11*w + 372. Let t be s(34). Let m(g) = 8*g - 3. Determine m(t).
-19
Let m(w) = 2*w**2 + w. Suppose 3*g - 7 + 2 = 4*l, 0 = -4*l + 4*g - 8. Give m(l).
3
Let b(j) be the third derivative of -j**5/60 - 5*j**4/24 - 4*j**3/3 + 203*j**2. Calculate b(-6).
-14
Let k(j) = j**2 - j + 12. Suppose 0 = 2*z + 6, 4*z + 19 - 7 = i. Calculate k(i).
12
Let o be ((-9)/(-27))/(3/27). Suppose u = -o*u, -5*u + 20 = -5*q. Let z(w) = w**2 + 4*w + 2. What is z(q)?
2
Let u(q) = -q**2 + 2*q + 3. Let v be u(0). Suppose 5*i + 2*p = -2*p - 18, -2*i - v*p = 3. Let x(t) = t**2 + 7*t - 5. Give x(i).
-11
Let k(l) = 3*l**2 - 2 - l + 10*l + 8*l - 19*l - l**3 - 4*l**2. Determine k(-3).
22
Let s(u) = -u + 2. Let z(v) = 3. Suppose 3*x + 5*x = -32. Let p(n) = x*z(n) + 3*s(n). Calculate p(-5).
9
Let y = 139 + -144. Let t(l) = l. Determine t(y).
-5
Let k = -22 - -16. Let l = -5 - k. Let n be -7 + (-3)/(-1)*l. Let q(a) = -a**3 - 5*a**2 - 4*a - 5. Calculate q(n).
-5
Let x(v) = -3*v + 15. Let t(c) be the third derivative of c**4/6 - 8*c**3/3 - 2*c**2 + 25*c. Let z(p) = -4*t(p) - 5*x(p). Determine z(-9